 tens digit of (11 + -50)*-7*5?
6
Let n be 1/(-2)*-8 + (-8)/(-4). Suppose g + 2*y = n*y + 118, 3*g - 345 = 3*y. What is the tens digit of g?
1
Let t(w) = w**3 + 34*w**2 - w + 75. What is the units digit of t(-34)?
9
Let r = -3465 + 5891. What is the hundreds digit of r?
4
What is the units digit of -4 + (-200)/(-4) - 5?
1
Let x = 69 - 48. What is the units digit of (-9)/x - 479/(-7)?
8
Let s = 1 + 2. Suppose -s*r + 4 = -r. Suppose 5*j - 73 = -r*z - 0*j, -4*j = 2*z - 68. What is the units digit of z?
4
Let h(q) = q**3 - 18*q**2 - 40*q + 56. What is the units digit of h(21)?
9
Let v be (-3)/(-1) + -2 + -111. Let u = 56 + v. Let t = 96 + u. What is the tens digit of t?
4
Let a be (-2)/(-12)*-2*(-4 - 8). Suppose 0 = -a*d + 47 + 1. What is the tens digit of d?
1
Let i(n) = n**3 + 5*n**2 + n + 5. Let o be i(-5). Let g be 28 - o/(12/(-3)). Suppose m = 3*h + 68, 4*m + 5*h = 3*m + g. What is the tens digit of m?
5
Let p(z) = -z**3 - 8*z**2 - 8*z - 1. Let y = 20 + -29. Let v be p(y). Suppose -4*n + v = 5*q, -q - 5*n - 74 = -3*q. What is the tens digit of q?
3
Let n = 493 - 254. What is the hundreds digit of n?
2
Let x(y) = 4*y**2 - 7*y**2 + 2*y**2 + 5*y**2. Let d be x(-1). Suppose 2*k = -5*g + 5*k + 41, 0 = -5*g + d*k + 43. What is the units digit of g?
7
Let p = -448 - -652. Let k = -143 + p. What is the tens digit of k?
6
Let u(b) = 5*b**2 + 5*b - 22. What is the hundreds digit of u(-10)?
4
Suppose 0 = -4*s + 466 + 682. What is the units digit of s?
7
Suppose 3*p + 4*g + 4 = 0, -2*p = -0*p + 4*g. What is the units digit of ((-2)/p)/(((-25)/(-3430))/5)?
3
Suppose 27 = 2*g + 3*g - 3*y, -3*g = 3*y + 3. Suppose -g*r - 2*d = -2*r - 11, -3*r + 3*d + 60 = 0. Let m = 34 - r. What is the tens digit of m?
1
Let g = -615 + 869. Suppose 252*j - g*j + 4 = 0. What is the units digit of j?
2
Let x be 2/4*(4 - -90). Suppose -x*i = -44*i - 531. Suppose -4*b = 3*v - i, 4*v - 140 = -5*b + 96. What is the tens digit of v?
5
Suppose -10*q + 35388 = 8*q. What is the tens digit of q?
6
Suppose 2*f - 10 + 12 = 0, 0 = -5*h + 3*f + 1833. What is the units digit of h?
6
Let x(v) = 14*v**2 + 3*v + 5. Let j(g) = g**2 + g + 6. Let a be j(3). Suppose 3*n - 4*n = -4*t + a, 0 = -2*t + 8. What is the tens digit of x(n)?
5
Let w(u) = u + 22. Let o be w(-20). What is the tens digit of ((-4)/8)/((-1490)/744 + o)?
8
What is the units digit of (-1414)/4*(14 - 12)*-1?
7
Let m be (0 - 60/16)/(9/24). What is the tens digit of (2/2 - 5)*(3 + m)?
2
Let l(g) = 3 - 1 + 1 - 4 - 53*g. What is the tens digit of l(-1)?
5
What is the tens digit of (-93 + -4)*1*(-9 + 4)?
8
Let r be (-2)/3 + (-555)/(-9). Suppose 2*j = r + 51. What is the units digit of j?
6
Suppose 0 = -26*k + 4552 - 54. What is the hundreds digit of k?
1
Suppose 2*y - 5*k = 53, -k - 21 = -y - 2. Let s = 9 - y. Let z(o) = -3*o - 5. What is the tens digit of z(s)?
1
Let v = -22 + 229. What is the tens digit of v?
0
Let p be (8 + -2)*55/10. Let m = p - 1. What is the units digit of m?
2
Let y be (-6)/(222/76 - 3). Let f(u) = 17 - y*u - 39 + 19. What is the tens digit of f(-1)?
7
Let w = -46 - 31. Suppose -6*n + 2*n = 2*t - 64, 4*n + 3*t = 68. What is the tens digit of n/w - (-994)/22?
4
Suppose 3*g - 15 = -3*b - g, 0 = 2*b + 3*g - 10. Suppose 32 = 3*r - 4*x, b*r - 8 - 28 = -2*x. Suppose r*u = 3*u + 70. What is the tens digit of u?
1
Suppose 25*s - 84 = 29*s. Let h = 17 - s. What is the units digit of h?
8
Let y = -39 - -255. What is the tens digit of y?
1
Let t(n) be the first derivative of -n**3/3 + 23*n**2/2 + 21*n - 5. What is the hundreds digit of t(11)?
1
Let b(q) = -q**3 + 4*q**2 + 3*q + 3. Let t = -27 + 24. Let p be b(t). What is the units digit of p - ((5 - 4) + -3)?
9
Let u(g) = 2*g**2 - 29*g + 17. Let l be 0 + (-2 - 6)*9/(-4). What is the tens digit of u(l)?
4
Let d be 1/(-1 - -2) - 16. Let n = -10 - d. Suppose 132 + 93 = n*a. What is the units digit of a?
5
Let m be (-4 + -3 + -4691)*-1. What is the tens digit of (-4)/(-6)*m/12?
6
Suppose -6*p + 42 = -0*p. Suppose 14*g = p*g + 518. What is the units digit of g?
4
Suppose -1 + 6 = -5*y, 5*y = -5*k + 95. What is the units digit of k?
0
Let i be 10/(-4)*(-4)/5. Let f be 1155/44 + (2 - 0)/(-8). Suppose -i = 2*k - f. What is the units digit of k?
2
Let r = 505 - -917. What is the tens digit of r?
2
Let s = 93 - 11. Suppose -168 - s = -5*m. What is the tens digit of m?
5
Suppose 2436 = -11*i + 15*i. What is the hundreds digit of i?
6
What is the units digit of -7*((-743)/7 + 6)?
1
Let k = 802 + -515. What is the hundreds digit of k?
2
Suppose -4*k + 1226 = s, -2*s + 8*k = 4*k - 2416. What is the tens digit of s?
1
Let c(y) = -3 - 2*y**2 - 2*y + 3 - 68*y**3 - 25*y**3 - 1. What is the tens digit of c(-1)?
9
Suppose 6*i + 3*i + 0*i = 0. Suppose i = -a + 106 + 11. What is the tens digit of a?
1
Let o = -2960 + 7194. What is the units digit of o?
4
Let v(m) = -m**3 - 7*m**2 + 9*m + 10. Let j be v(-8). What is the units digit of 110 - 4*j/2?
6
Let v(d) = 667*d - 788. What is the thousands digit of v(7)?
3
Suppose -1482 = -2*y - 4*y. Suppose 2*t + 4*m + 201 = 697, -m = t - y. What is the tens digit of 7/(-21)*t/(-2)?
4
Let u = -832 - -1604. Suppose u = 14*t + 30. What is the tens digit of t?
5
Suppose -6*n + 9 = -9*n. Let t = 135 + n. What is the tens digit of t?
3
Let g = -25 - -46. Let q be 6/((g/(-2))/(-7)). Suppose 2*n - 3*o + q = 0, 2*o + o = -4*n + 10. What is the units digit of n?
1
Suppose -i = -0*f - f - 117, 0 = -3*f + 12. Let t = -51 + i. What is the units digit of t?
0
Let a(m) = -m**3 + 11*m**2 - 8*m - 14. Let c be a(10). Let d be 132/18 - 8/c. Let n(x) = -x**3 + 8*x**2 - 6*x - 7. What is the units digit of n(d)?
9
Let r(v) = v**3 - 2*v**2 + 5*v - 2. Let o be r(2). Suppose -2*z + o = 32. What is the tens digit of z/8 + 133/2?
6
Let s = 18 - -5. Suppose 5*p - s = -3*t + 2*t, 5*p + 49 = 3*t. What is the units digit of t?
8
Suppose 0*b + 24 = m - 3*b, 4*m + b = 31. Suppose -3*p + 836 = 4*c - m*c, -10 = -5*c. What is the hundreds digit of p?
2
Let f = -64 - -105. Let r = f + 137. What is the units digit of r?
8
What is the units digit of (-438)/((-6)/(-50)*-5)?
0
Let l be 4 + 2/(-2) + 2. Suppose 28 = l*t - 132. Let j = t + -13. What is the units digit of j?
9
Let t(b) = 23*b + 171. What is the units digit of t(11)?
4
Suppose -35 = -y - 27. Suppose y*n - 2*n = 528. What is the tens digit of n?
8
Suppose 3*j - 93 = -y, -y - y + 191 = j. Suppose l = 5*z - 17, -3*z = -4*l - 13 + 30. Suppose l*r = 4*r + y. What is the tens digit of r?
2
What is the thousands digit of 1*-2 + (-307396)/(-148)?
2
What is the tens digit of 9 + 3261 + 15/3?
7
Suppose -24 - 76 = -5*k. Suppose -107 = -2*p - 4*i + 3*i, 0 = -5*p - 2*i + 265. Let z = p - k. What is the units digit of z?
1
Let y be (-2 + -1)*(-3 + (4 - -1)). Let i = y - -9. What is the units digit of i?
3
Suppose -88 = -7*k + 3*k. Let d be (k/4)/((-1)/(-2)). Suppose -o + d = 5*h + 3, 4*h + o = 7. What is the units digit of h?
1
Let w(o) be the first derivative of -o**4/4 + 5*o**3/3 + 2*o**2 + 2*o - 1. Let l be w(5). Suppose 3*m - u - 5 = l, -2*m + 1 = 5*u. What is the units digit of m?
8
Let r be -3 + 2 - 0 - -10. Suppose 30 = 3*q - 5*b, 0*q + r = 3*q + 2*b. Suppose t - 36 = -5*s, -2*t + q*t - 80 = -s. What is the units digit of t?
6
Let o(u) = u**3 - 19*u**2 - 28*u - 19. Let w be o(20). Let a = -71 - w. What is the tens digit of a?
0
Let o be ((-18)/30)/((-1)/(-5)). Let q(a) = -8*a**3 - 2*a**2 - 4*a - 2. What is the tens digit of q(o)?
0
Suppose 8*p + 141 = -259. Let g = 94 + p. What is the units digit of g?
4
Suppose 3*n - 4*o = 2*n + 2886, 5*n - 14413 = 3*o. What is the hundreds digit of n?
8
Let o(a) be the first derivative of 1/2*a**2 - 3*a - 5. What is the units digit of o(8)?
5
Let o = 12 - 10. Suppose 5*x + h + 5 = 0, -8*x + 3*x = -o*h + 5. What is the units digit of 22 + 2 + -1 + x?
2
Let t(v) = v**2 - 8*v + 14. Let n be t(6). Suppose -n*j + 280 = 3*j. What is the tens digit of j?
5
Let n = 689 + 817. What is the units digit of n?
6
Let k = 319 + 553. What is the tens digit of k?
7
Let g = 255 - -121. What is the tens digit of g?
7
Let k = 868 - 372. What is the hundreds digit of k?
4
Suppose -2*p = p - 2*p. Suppose l + 5*r = 22, 0 = 4*l - p*l - r - 109. What is the units digit of l?
7
Let y be 1*4/8*10. Let m(u) = 3*u + 4. What is t